 + 11396 = 0. Calculate the remainder when b is divided by 2855.
0
Let u(j) = 94*j. Let i be (2/(1 - -1))/((-3)/(-12)). Suppose -i*p = -6*p + 24. Calculate the remainder when u(1) is divided by p.
10
Suppose 2*z - 205 - 5 = 0. Let a = 105 - z. Suppose a = -10*f + 5*f + 125. Calculate the remainder when 65 is divided by f.
15
Suppose x = 2*q - 7*q + 1719, 4*x - 5*q = 6851. Suppose x = 3*b - 656. Calculate the remainder when b is divided by 11.
9
Let h be 4/(-18) - (-7060)/180. Let b = -116 + h. Let j = b + 148. Calculate the remainder when j is divided by 15.
11
Suppose 0 = 3*i - 33 + 27. Suppose i*g - 11 - 21 = 0. Let j(h) = h**2 + 8*h + 5. Calculate the remainder when g is divided by j(-8).
1
Let j = 6 + -175. Let w = -361 - j. Let l = -127 - w. What is the remainder when l is divided by 18?
11
Suppose 11 = 4*h - 33. Suppose 2067 = 9*x + 537. Let d = x - 128. Calculate the remainder when d is divided by h.
9
Let m(v) = 3*v. Suppose -18 = -b - 3. Suppose 4*q - 40 = -4*s, -11*s + b*s + 16 = 0. What is the remainder when m(8) is divided by q?
10
Suppose 0 = 3*o - 5*o. Suppose o = 2*n + 3*i - 6, -2*n = -i + 3*i - 8. Let l(x) = -x**3 + 2*x**2 + 28*x + 6. Calculate the remainder when l(n) is divided by 16.
14
Let v(a) = -51*a - 708. What is the remainder when v(-19) is divided by 135?
126
Let q = 777 - 765. What is the remainder when 4678 is divided by q?
10
Suppose -3*q + 88 = 106. Let l = q + 10. What is the remainder when 13 is divided by l?
1
Suppose 4*g = -106 - 194. Let s = 8 + -5. Calculate the remainder when ((-700)/g)/((-4)/(-6)) is divided by s.
2
Let w(a) = -2*a**3 - 4*a**2 + 71*a + 13. Suppose -f = -0*f - 6. Let y = f + 0. What is the remainder when w(-7) is divided by y?
0
Let t(g) = -2*g**2 - 225*g - 3281. What is the remainder when 1454 is divided by t(-18)?
2
Suppose -12*n + 49349 - 17381 = 0. Calculate the remainder when n is divided by 178.
172
Let w(a) = 40 - 6 - 3 - 4*a**2 + 3*a**2 - 15 - 14*a. Calculate the remainder when w(-12) is divided by (22/(-8))/((-1)/4).
7
Suppose -3*j + 4197 = 3*n, n - 561 = 5*j + 832. Calculate the remainder when n is divided by 32.
22
Let y(s) = s + 14. Let x be y(-8). Calculate the remainder when (3 - 4)*(1 - 24) is divided by ((-27)/x + 5)*24.
11
Let t = 363 - 353. Suppose -t*h + 15 = -375. Calculate the remainder when 114 is divided by h.
36
Suppose 18 = -5*r + 88. Suppose -85030 = -678*i - 6235 - 6927. Calculate the remainder when i is divided by r.
8
Let m(t) = -t**3 + t**2 - 17*t - 13. Let p(r) = r**3 - 3*r**2 + 16*r + 13. Let h(q) = 7*m(q) + 6*p(q). Calculate the remainder when h(-10) is divided by 22.
7
What is the remainder when 17/((-884)/(-524745)) + 5/(-20) is divided by 87?
86
Let h = -232 + 245. Let y(w) = 2*w**3 - 27*w**2 + 11*w + 33. Calculate the remainder when 61 is divided by y(h).
5
Suppose 98*p - 215 = 93*p. Let c(q) = 10*q**3 - q**2. Let m(z) = -z**3 - 2*z**2 + 2*z - 2. Let i be m(-3). Calculate the remainder when p is divided by c(i).
7
Let w(t) = t**3 - 6*t**2 - 2*t - 6. Suppose 3646*z - 324 = 3640*z. Calculate the remainder when w(8) is divided by z.
52
Let w = 3269 - 3194. Calculate the remainder when w is divided by 5.
0
Suppose 97 - 277 = -15*o. Suppose -o = -4*p, 3*n + 2*p - 7 - 176 = 0. Suppose 56*s + 24 = n*s. Calculate the remainder when 29 is divided by s.
5
Suppose 15*t - 11*t - 4744 = -2*r, -4*t + 12 = 0. Calculate the remainder when r is divided by 79.
75
Let r = 11 + -8. Suppose 3 = 3*j - 3*t + t, -4*j + 2*t = -6. Suppose r*f + j = 111. What is the remainder when 143 is divided by f?
35
Let w(j) = -j - 3. Let c be w(0). Let a = c + 5. What is the remainder when (-3 - (-45 + -2))/a is divided by 7?
1
Calculate the remainder when (((-147)/(-98))/((-6)/(-238)))/((-3)/(-6)) is divided by 96.
23
Calculate the remainder when (-1*(2 + -1))/(42 + (-170247)/4053) is divided by 69.
55
Let c be -4 - (4 - (0 - -263)). Suppose u = -u. Suppose 0 = -u*j - 5*j + c. Calculate the remainder when j is divided by 26.
25
Suppose -3*n = -0*n - 18. Suppose -n*m + m + 380 = 0. Calculate the remainder when m is divided by (2420/(-275))/((-2)/10) - 4.
36
Suppose 145*f - 779*f + 8242 = 0. Suppose -6 = -4*r + 10. Suppose -r*b = -5*b + 6. What is the remainder when f is divided by b?
1
What is the remainder when (-2)/(-4)*-1*(-110594)/457 is divided by 22?
11
Let f be (-36)/(-10)*220/(-3). Let n = 274 + f. Let k(h) = 2*h**2 - 4*h + 7. What is the remainder when k(5) is divided by n?
7
Suppose c = -f + 97, 5*f = -0*c + 3*c - 251. Suppose -16*d = -7*d - 819. Suppose -4*p - 15 = -d. What is the remainder when c is divided by p?
16
Let a = -3227 + 3243. Calculate the remainder when 926 is divided by a.
14
Let m(j) = -16*j**3 - j**2 + j + 849. What is the remainder when m(0) is divided by 220?
189
Suppose 0*p + 4*j = 3*p - 2257, 3*p - 2*j - 2261 = 0. Suppose 3*z - r = 1261, z + 308 = -5*r + p. What is the remainder when z is divided by 53?
51
Let v = 214 + -213. What is the remainder when 96 is divided by 25*(v + 0*(1 - 0))?
21
Let u = -10118 - -10206. Calculate the remainder when 2549 is divided by u.
85
Let p(l) = 9*l**2 + 148*l - 3778. What is the remainder when p(34) is divided by 265?
263
Let h(w) = w**2 - 10*w + 8. Calculate the remainder when (69*2)/(24/16) is divided by h(11).
16
Let a(g) = -g**3 + 12*g**2 - 35*g + 199. Calculate the remainder when 279 is divided by a(9).
25
Let m = -21 + 25. Suppose 2*i - m = -16. Calculate the remainder when -69*4/i - 15/5 is divided by 23.
20
Let r(h) = -88*h + 1000. Calculate the remainder when r(6) is divided by 141.
49
Let f(n) = 10*n + 91. Let p be f(-7). Suppose -o - 5*x = -51, 2*x - p = 4*o - 269. What is the remainder when o is divided by 22?
17
Let g = -1176 - -2396. What is the remainder when 249 is divided by g/24 - 3 - (-1)/6?
9
Let t(o) = -250*o + 762. What is the remainder when 179 is divided by t(3)?
11
Suppose -11*s + 1472 = 5*s. Suppose -s*w + 102*w = 330. Let h = 41 - -154. Calculate the remainder when h is divided by w.
30
Let f = -95 - -97. What is the remainder when (43/f)/(81/18 + -4) is divided by 12?
7
What is the remainder when 2947 is divided by 55 + (-6 - 0)/1 + 5/5?
47
Let r = 1456 + -625. Calculate the remainder when r is divided by 18.
3
Suppose 24 = 11*w - 5*w. Calculate the remainder when 147 is divided by 6/w*((-240)/(-9) + -6).
23
Suppose -3953*l + 3906*l = -2491. What is the remainder when l is divided by (-2)/((6/11)/(-3))?
9
Suppose 45*g = 46*g + 4*q - 2861, 2*g = 2*q + 5762. What is the remainder when g is divided by 64?
61
Let y = 5472 - 5466. What is the remainder when 1522 is divided by y?
4
Suppose 26*j - 46 = -5*o + 24*j, 2*o = -5*j + 31. Let c(a) = a**3 + 8*a**2 - 10*a + 20. Calculate the remainder when c(-9) is divided by o.
5
Let q(l) = 5*l**3 + 8*l**2 + 7*l + 3. Let d(h) = -h**3. Let p(v) = 4*d(v) + q(v). Suppose 24*b = 19*b + 815. Calculate the remainder when b is divided by p(-6).
31
Suppose 18*d - 21*d = 23*d - 21034. What is the remainder when d is divided by 777?
32
Let c(n) = -n**3 + 3*n**2 + 4*n - 5. Suppose 254 = 4*s + 5*y, 134 = 2*s - 125*y + 124*y. What is the remainder when s is divided by c(-2)?
3
Suppose -5*n - 2*f = -5987, 3*f = 2*f + 6. Calculate the remainder when n is divided by 26.
25
Let z(x) = x**2 + 45*x - 2836. Calculate the remainder when z(39) is divided by 237.
203
Let p(d) = -8*d - 5. Let u be p(-1). Let m(x) = x**2 + 7*x - 10. Let i be m(u). Suppose 16*f - i*f + 244 = 0. Calculate the remainder when f is divided by 13.
9
Suppose -m - 2 = -2*q, 2*m - 4*m = 2*q + 4. Suppose -5*u + 3*j + 36 = 5*j, q = u + 5*j + 2. Let f = -94 + 155. Calculate the remainder when f is divided by u.
5
Let r = -7833 - -7927. Calculate the remainder when 1482 is divided by r.
72
What is the remainder when 4549 is divided by 490/(-56)*440/(-77)?
49
Let g = -29 + 29. Suppose 4*l - 108 = -g*l. What is the remainder when l is divided by -25*(-7 + (-264)/(-40))?
7
Let a(b) = -3*b**2 - 12*b - 13. Let n be a(-17). What is the remainder when (-2)/(-9) - n/36 is divided by 10?
9
Let b = 599 + -600. What is the remainder when (-9)/9 - b - -188 is divided by 32?
28
Suppose -32*z - n = -29*z - 32, 64 = 5*z - n. What is the remainder when 35 is divided by 72/(-432) - (-38)/z?
2
Suppose -2*y + 85 = -3. Suppose y = 